Last updated on 2022-04-24 03:52:28 CEST.
Flavor | Version | Tinstall | Tcheck | Ttotal | Status | Flags |
---|---|---|---|---|---|---|
r-devel-linux-x86_64-debian-clang | 1.6.5 | 46.30 | 209.56 | 255.86 | OK | |
r-devel-linux-x86_64-debian-gcc | 1.6.5 | 34.33 | 153.97 | 188.30 | OK | |
r-devel-linux-x86_64-fedora-clang | 1.6.5 | 318.71 | NOTE | |||
r-devel-linux-x86_64-fedora-gcc | 1.6.5 | 284.67 | OK | |||
r-patched-linux-x86_64 | 1.6.5 | 42.07 | 197.79 | 239.86 | OK | |
r-release-linux-x86_64 | 1.6.5 | 37.06 | 182.26 | 219.32 | OK | |
r-release-macos-arm64 | 1.6.5 | OK | ||||
r-release-macos-x86_64 | 1.6.5 | OK | ||||
r-release-windows-x86_64 | 1.6.5 | 60.00 | 223.00 | 283.00 | OK | |
r-oldrel-macos-arm64 | 1.6.5 | OK | ||||
r-oldrel-macos-x86_64 | 1.6.5 | OK | ||||
r-oldrel-windows-ix86+x86_64 | 1.6.5 | 98.00 | 264.00 | 362.00 | OK |
Version: 1.6.5
Check: package dependencies
Result: NOTE
Imports includes 26 non-default packages.
Importing from so many packages makes the package vulnerable to any of
them becoming unavailable. Move as many as possible to Suggests and
use conditionally.
Flavor: r-devel-linux-x86_64-fedora-clang