Last updated on 2022-04-24 03:52:28 CEST.
Flavor | Version | Tinstall | Tcheck | Ttotal | Status | Flags |
---|---|---|---|---|---|---|
r-devel-linux-x86_64-debian-clang | 0.2.1 | 1.83 | 37.64 | 39.47 | NOTE | |
r-devel-linux-x86_64-debian-gcc | 0.2.1 | 1.60 | 30.28 | 31.88 | NOTE | |
r-devel-linux-x86_64-fedora-clang | 0.2.1 | 51.02 | NOTE | |||
r-devel-linux-x86_64-fedora-gcc | 0.2.1 | 39.15 | NOTE | |||
r-patched-linux-x86_64 | 0.2.1 | 2.01 | 38.56 | 40.57 | NOTE | |
r-release-linux-x86_64 | 0.2.1 | 1.91 | 37.00 | 38.91 | NOTE | |
r-release-macos-arm64 | 0.2.1 | NOTE | ||||
r-release-macos-x86_64 | 0.2.1 | NOTE | ||||
r-release-windows-x86_64 | 0.2.1 | 12.00 | 73.00 | 85.00 | NOTE | |
r-oldrel-macos-arm64 | 0.2.1 | NOTE | ||||
r-oldrel-macos-x86_64 | 0.2.1 | NOTE | ||||
r-oldrel-windows-ix86+x86_64 | 0.2.1 | 5.00 | 61.00 | 66.00 | NOTE |
Version: 0.2.1
Check: LazyData
Result: NOTE
'LazyData' is specified without a 'data' directory
Flavors: r-devel-linux-x86_64-debian-clang, r-devel-linux-x86_64-debian-gcc, r-devel-linux-x86_64-fedora-clang, r-devel-linux-x86_64-fedora-gcc, r-patched-linux-x86_64, r-release-linux-x86_64, r-release-macos-arm64, r-release-macos-x86_64, r-release-windows-x86_64, r-oldrel-macos-arm64, r-oldrel-macos-x86_64, r-oldrel-windows-ix86+x86_64