Last updated on 2022-04-24 03:52:28 CEST.
Flavor | Version | Tinstall | Tcheck | Ttotal | Status | Flags |
---|---|---|---|---|---|---|
r-devel-linux-x86_64-debian-clang | 1.3 | 87.66 | 66.15 | 153.81 | OK | |
r-devel-linux-x86_64-debian-gcc | 1.3 | 69.66 | 49.98 | 119.64 | OK | |
r-devel-linux-x86_64-fedora-clang | 1.3 | 209.72 | NOTE | |||
r-devel-linux-x86_64-fedora-gcc | 1.3 | 177.57 | NOTE | |||
r-patched-linux-x86_64 | 1.3 | 68.97 | 62.90 | 131.87 | OK | |
r-release-linux-x86_64 | 1.3 | 68.88 | 60.57 | 129.45 | OK | |
r-release-macos-arm64 | 1.3 | NOTE | ||||
r-release-macos-x86_64 | 1.3 | NOTE | ||||
r-release-windows-x86_64 | 1.3 | 67.00 | 119.00 | 186.00 | OK | |
r-oldrel-macos-arm64 | 1.3 | NOTE | ||||
r-oldrel-macos-x86_64 | 1.3 | NOTE | ||||
r-oldrel-windows-ix86+x86_64 | 1.3 | 188.00 | 129.00 | 317.00 | OK |
Version: 1.3
Check: dependencies in R code
Result: NOTE
Namespace in Imports field not imported from: ‘knitr’
All declared Imports should be used.
Flavors: r-devel-linux-x86_64-fedora-clang, r-devel-linux-x86_64-fedora-gcc, r-release-macos-arm64, r-release-macos-x86_64, r-oldrel-macos-arm64, r-oldrel-macos-x86_64