Last updated on 2022-04-24 03:52:28 CEST.
Flavor | Version | Tinstall | Tcheck | Ttotal | Status | Flags |
---|---|---|---|---|---|---|
r-devel-linux-x86_64-debian-clang | 3.0 | 3.84 | 55.34 | 59.18 | NOTE | |
r-devel-linux-x86_64-debian-gcc | 3.0 | 3.23 | 41.64 | 44.87 | NOTE | |
r-devel-linux-x86_64-fedora-clang | 3.0 | 70.29 | NOTE | |||
r-devel-linux-x86_64-fedora-gcc | 3.0 | 58.26 | NOTE | |||
r-patched-linux-x86_64 | 3.0 | 4.74 | 51.51 | 56.25 | NOTE | |
r-release-linux-x86_64 | 3.0 | 3.82 | 50.39 | 54.21 | NOTE | |
r-release-macos-arm64 | 3.0 | NOTE | ||||
r-release-macos-x86_64 | 3.0 | NOTE | ||||
r-release-windows-x86_64 | 3.0 | 18.00 | 78.00 | 96.00 | NOTE | |
r-oldrel-macos-arm64 | 3.0 | NOTE | ||||
r-oldrel-macos-x86_64 | 3.0 | NOTE | ||||
r-oldrel-windows-ix86+x86_64 | 3.0 | 8.00 | 65.00 | 73.00 | NOTE |
Version: 3.0
Check: R code for possible problems
Result: NOTE
ROC_plot: no visible global function definition for 'pdf'
ROC_plot: no visible global function definition for 'par'
ROC_plot: no visible global function definition for 'dev.off'
Ymean_compare: no visible binding for global variable 'sd'
Ymean_compare: no visible global function definition for 'pdf'
Ymean_compare: no visible global function definition for 'par'
Ymean_compare: no visible global function definition for 'dev.off'
data_simulation: no visible global function definition for 'rnorm'
gibbs_sampling: no visible global function definition for 'rnorm'
mcmc_trace_plot: no visible global function definition for 'pdf'
mcmc_trace_plot: no visible global function definition for 'dev.off'
Undefined global functions or variables:
dev.off par pdf rnorm sd
Consider adding
importFrom("grDevices", "dev.off", "pdf")
importFrom("graphics", "par")
importFrom("stats", "rnorm", "sd")
to your NAMESPACE file.
Flavors: r-devel-linux-x86_64-debian-clang, r-devel-linux-x86_64-debian-gcc, r-devel-linux-x86_64-fedora-clang, r-devel-linux-x86_64-fedora-gcc, r-patched-linux-x86_64, r-release-linux-x86_64, r-release-macos-arm64, r-release-macos-x86_64, r-release-windows-x86_64, r-oldrel-macos-arm64, r-oldrel-macos-x86_64, r-oldrel-windows-ix86+x86_64
Version: 3.0
Check: for non-standard things in the check directory
Result: NOTE
Found the following files/directories:
'Demo_Gibbs_result.RData' 'Demo_traceplot.pdf' 'RMSE_demo.RData'
'RMSE_plot.pdf' 'ROC_plot.pdf' 'ROC_result.RData' 'demo_data.RData'
Flavors: r-devel-linux-x86_64-debian-clang, r-devel-linux-x86_64-debian-gcc, r-devel-linux-x86_64-fedora-clang, r-devel-linux-x86_64-fedora-gcc, r-patched-linux-x86_64, r-release-linux-x86_64