Last updated on 2022-04-24 03:52:28 CEST.
Flavor | Version | Tinstall | Tcheck | Ttotal | Status | Flags |
---|---|---|---|---|---|---|
r-devel-linux-x86_64-debian-clang | 1.2.4 | 4.53 | 60.79 | 65.32 | OK | |
r-devel-linux-x86_64-debian-gcc | 1.2.4 | 3.33 | 46.39 | 49.72 | OK | |
r-devel-linux-x86_64-fedora-clang | 1.2.4 | 84.50 | NOTE | |||
r-devel-linux-x86_64-fedora-gcc | 1.2.4 | 68.50 | OK | |||
r-patched-linux-x86_64 | 1.2.4 | 4.97 | 60.79 | 65.76 | OK | |
r-release-linux-x86_64 | 1.2.4 | 4.43 | 59.75 | 64.18 | OK | |
r-release-macos-arm64 | 1.2.4 | NOTE | ||||
r-release-macos-x86_64 | 1.2.4 | NOTE | ||||
r-release-windows-x86_64 | 1.2.4 | 77.00 | 65.00 | 142.00 | NOTE | |
r-oldrel-macos-arm64 | 1.2.4 | NOTE | ||||
r-oldrel-macos-x86_64 | 1.2.4 | NOTE | ||||
r-oldrel-windows-ix86+x86_64 | 1.2.4 | 8.00 | 53.00 | 61.00 | NOTE |
Version: 1.2.4
Check: installed package size
Result: NOTE
installed size is 5.3Mb
sub-directories of 1Mb or more:
java 4.2Mb
Flavors: r-devel-linux-x86_64-fedora-clang, r-release-macos-arm64, r-release-macos-x86_64, r-release-windows-x86_64, r-oldrel-macos-arm64, r-oldrel-macos-x86_64, r-oldrel-windows-ix86+x86_64