Last updated on 2022-04-24 03:52:28 CEST.
Flavor | Version | Tinstall | Tcheck | Ttotal | Status | Flags |
---|---|---|---|---|---|---|
r-devel-linux-x86_64-debian-clang | 2.14.0 | 27.31 | 304.00 | 331.31 | OK | |
r-devel-linux-x86_64-debian-gcc | 2.14.0 | 21.27 | 222.38 | 243.65 | OK | |
r-devel-linux-x86_64-fedora-clang | 2.14.0 | 409.05 | OK | |||
r-devel-linux-x86_64-fedora-gcc | 2.14.0 | 373.08 | OK | |||
r-patched-linux-x86_64 | 2.14.0 | 26.22 | 288.11 | 314.33 | OK | |
r-release-linux-x86_64 | 2.14.0 | 22.22 | 275.28 | 297.50 | OK | |
r-release-macos-arm64 | 2.14.0 | NOTE | ||||
r-release-macos-x86_64 | 2.14.0 | OK | ||||
r-release-windows-x86_64 | 2.14.0 | 108.00 | 334.00 | 442.00 | OK | |
r-oldrel-macos-arm64 | 2.14.0 | NOTE | ||||
r-oldrel-macos-x86_64 | 2.14.0 | OK | ||||
r-oldrel-windows-ix86+x86_64 | 2.14.0 | 50.00 | 315.00 | 365.00 | OK |
Version: 2.14.0
Check: package dependencies
Result: NOTE
Package suggested but not available for checking: ‘testthat’
Flavors: r-release-macos-arm64, r-oldrel-macos-arm64