Last updated on 2022-04-24 03:52:28 CEST.
Flavor | Version | Tinstall | Tcheck | Ttotal | Status | Flags |
---|---|---|---|---|---|---|
r-devel-linux-x86_64-debian-clang | 1.12.2 | 14.90 | 151.92 | 166.82 | OK | |
r-devel-linux-x86_64-debian-gcc | 1.12.2 | 12.43 | 111.51 | 123.94 | OK | |
r-devel-linux-x86_64-fedora-clang | 1.12.2 | 203.03 | NOTE | |||
r-devel-linux-x86_64-fedora-gcc | 1.12.2 | 178.83 | OK | |||
r-patched-linux-x86_64 | 1.12.2 | 16.25 | 143.01 | 159.26 | OK | |
r-release-linux-x86_64 | 1.12.2 | 8.23 | 134.00 | 142.23 | OK | |
r-release-macos-arm64 | 1.12.2 | OK | ||||
r-release-macos-x86_64 | 1.12.2 | OK | ||||
r-release-windows-x86_64 | 1.12.2 | 90.00 | 171.00 | 261.00 | OK | |
r-oldrel-macos-arm64 | 1.12.2 | OK | ||||
r-oldrel-macos-x86_64 | 1.12.2 | OK | ||||
r-oldrel-windows-ix86+x86_64 | 1.12.2 | 29.00 | 155.00 | 184.00 | OK |
Version: 1.12.2
Check: Rd cross-references
Result: NOTE
Undeclared package ‘tidyverse’ in Rd xrefs
Flavor: r-devel-linux-x86_64-fedora-clang