Last updated on 2022-04-24 03:52:28 CEST.
Flavor | Version | Tinstall | Tcheck | Ttotal | Status | Flags |
---|---|---|---|---|---|---|
r-devel-linux-x86_64-debian-clang | 1.1-1 | 4.71 | 38.53 | 43.24 | OK | |
r-devel-linux-x86_64-debian-gcc | 1.1-1 | 3.42 | 29.21 | 32.63 | OK | |
r-devel-linux-x86_64-fedora-clang | 1.1-1 | 51.23 | NOTE | |||
r-devel-linux-x86_64-fedora-gcc | 1.1-1 | 39.51 | NOTE | |||
r-patched-linux-x86_64 | 1.1-1 | 4.08 | 36.76 | 40.84 | OK | |
r-release-linux-x86_64 | 1.1-1 | 3.68 | 35.81 | 39.49 | OK | |
r-release-macos-arm64 | 1.1-1 | OK | ||||
r-release-macos-x86_64 | 1.1-1 | OK | ||||
r-release-windows-x86_64 | 1.1-1 | 16.00 | 55.00 | 71.00 | OK | |
r-oldrel-macos-arm64 | 1.1-1 | OK | ||||
r-oldrel-macos-x86_64 | 1.1-1 | OK | ||||
r-oldrel-windows-ix86+x86_64 | 1.1-1 | 10.00 | 54.00 | 64.00 | OK |
Version: 1.1-1
Check: compiled code
Result: NOTE
File ‘iRafNet/libs/iRafNet.so’:
Found no calls to: ‘R_registerRoutines’, ‘R_useDynamicSymbols’
It is good practice to register native routines and to disable symbol
search.
See ‘Writing portable packages’ in the ‘Writing R Extensions’ manual.
Flavors: r-devel-linux-x86_64-fedora-clang, r-devel-linux-x86_64-fedora-gcc