Last updated on 2022-04-24 03:52:28 CEST.
Flavor | Version | Tinstall | Tcheck | Ttotal | Status | Flags |
---|---|---|---|---|---|---|
r-devel-linux-x86_64-debian-clang | 1.5 | 11.13 | 83.62 | 94.75 | OK | |
r-devel-linux-x86_64-debian-gcc | 1.5 | 6.90 | 60.99 | 67.89 | OK | |
r-devel-linux-x86_64-fedora-clang | 1.5 | 115.58 | NOTE | |||
r-devel-linux-x86_64-fedora-gcc | 1.5 | 93.37 | OK | |||
r-patched-linux-x86_64 | 1.5 | 7.17 | 76.43 | 83.60 | OK | |
r-release-linux-x86_64 | 1.5 | 5.65 | 73.45 | 79.10 | OK | |
r-release-macos-arm64 | 1.5 | NOTE | ||||
r-release-macos-x86_64 | 1.5 | NOTE | ||||
r-release-windows-x86_64 | 1.5 | 19.00 | 99.00 | 118.00 | NOTE | |
r-oldrel-macos-arm64 | 1.5 | NOTE | ||||
r-oldrel-macos-x86_64 | 1.5 | NOTE | ||||
r-oldrel-windows-ix86+x86_64 | 1.5 | 23.00 | 88.00 | 111.00 | NOTE |
Version: 1.5
Check: installed package size
Result: NOTE
installed size is 5.9Mb
sub-directories of 1Mb or more:
app 4.3Mb
data 1.6Mb
Flavors: r-devel-linux-x86_64-fedora-clang, r-release-macos-arm64, r-release-macos-x86_64, r-release-windows-x86_64, r-oldrel-macos-arm64, r-oldrel-macos-x86_64, r-oldrel-windows-ix86+x86_64