Last updated on 2022-04-24 03:52:28 CEST.
Flavor | Version | Tinstall | Tcheck | Ttotal | Status | Flags |
---|---|---|---|---|---|---|
r-devel-linux-x86_64-debian-clang | 1.0 | 3.68 | 43.29 | 46.97 | NOTE | |
r-devel-linux-x86_64-debian-gcc | 1.0 | 2.25 | 32.23 | 34.48 | NOTE | |
r-devel-linux-x86_64-fedora-clang | 1.0 | 55.14 | NOTE | |||
r-devel-linux-x86_64-fedora-gcc | 1.0 | 45.09 | NOTE | |||
r-patched-linux-x86_64 | 1.0 | 3.05 | 40.55 | 43.60 | NOTE | |
r-release-linux-x86_64 | 1.0 | 3.22 | 40.17 | 43.39 | NOTE | |
r-release-macos-arm64 | 1.0 | NOTE | ||||
r-release-macos-x86_64 | 1.0 | NOTE | ||||
r-release-windows-x86_64 | 1.0 | 23.00 | 67.00 | 90.00 | NOTE | |
r-oldrel-macos-arm64 | 1.0 | NOTE | ||||
r-oldrel-macos-x86_64 | 1.0 | NOTE | ||||
r-oldrel-windows-ix86+x86_64 | 1.0 | 6.00 | 49.00 | 55.00 | NOTE |
Version: 1.0
Check: DESCRIPTION meta-information
Result: NOTE
Malformed Description field: should contain one or more complete sentences.
Flavors: r-devel-linux-x86_64-debian-clang, r-devel-linux-x86_64-debian-gcc, r-devel-linux-x86_64-fedora-clang, r-devel-linux-x86_64-fedora-gcc, r-patched-linux-x86_64, r-release-linux-x86_64, r-release-macos-arm64, r-release-macos-x86_64, r-release-windows-x86_64, r-oldrel-macos-arm64, r-oldrel-macos-x86_64, r-oldrel-windows-ix86+x86_64
Version: 1.0
Check: R code for possible problems
Result: NOTE
histw: no visible global function definition for 'plot.new'
histw: no visible global function definition for 'plot.window'
histw: no visible global function definition for 'axis'
histw: no visible global function definition for 'rect'
histw: no visible global function definition for 'lines'
Undefined global functions or variables:
axis lines plot.new plot.window rect
Consider adding
importFrom("graphics", "axis", "lines", "plot.new", "plot.window",
"rect")
to your NAMESPACE file.
Flavors: r-devel-linux-x86_64-debian-clang, r-devel-linux-x86_64-debian-gcc, r-devel-linux-x86_64-fedora-clang, r-devel-linux-x86_64-fedora-gcc, r-patched-linux-x86_64, r-release-linux-x86_64, r-release-macos-arm64, r-release-macos-x86_64, r-release-windows-x86_64, r-oldrel-macos-arm64, r-oldrel-macos-x86_64, r-oldrel-windows-ix86+x86_64