Last updated on 2022-04-24 03:52:28 CEST.
Flavor | Version | Tinstall | Tcheck | Ttotal | Status | Flags |
---|---|---|---|---|---|---|
r-devel-linux-x86_64-debian-clang | 0.0.2 | 2.73 | 41.69 | 44.42 | OK | |
r-devel-linux-x86_64-debian-gcc | 0.0.2 | 2.14 | 32.18 | 34.32 | OK | |
r-devel-linux-x86_64-fedora-clang | 0.0.2 | 54.23 | NOTE | |||
r-devel-linux-x86_64-fedora-gcc | 0.0.2 | 42.08 | NOTE | |||
r-patched-linux-x86_64 | 0.0.2 | 3.21 | 40.41 | 43.62 | OK | |
r-release-linux-x86_64 | 0.0.2 | 2.66 | 39.48 | 42.14 | OK | |
r-release-macos-arm64 | 0.0.2 | NOTE | ||||
r-release-macos-x86_64 | 0.0.2 | NOTE | ||||
r-release-windows-x86_64 | 0.0.2 | 14.00 | 63.00 | 77.00 | OK | |
r-oldrel-macos-arm64 | 0.0.2 | NOTE | ||||
r-oldrel-macos-x86_64 | 0.0.2 | NOTE | ||||
r-oldrel-windows-ix86+x86_64 | 0.0.2 | 8.00 | 47.00 | 55.00 | OK |
Version: 0.0.2
Check: data for non-ASCII characters
Result: NOTE
Note: found 359 marked UTF-8 strings
Flavors: r-devel-linux-x86_64-fedora-clang, r-devel-linux-x86_64-fedora-gcc, r-release-macos-arm64, r-release-macos-x86_64, r-oldrel-macos-arm64, r-oldrel-macos-x86_64