Last updated on 2022-04-24 03:52:28 CEST.
| Flavor | Version | Tinstall | Tcheck | Ttotal | Status | Flags | 
|---|---|---|---|---|---|---|
| r-devel-linux-x86_64-debian-clang | 1.0.1 | 37.55 | 332.83 | 370.38 | NOTE | |
| r-devel-linux-x86_64-debian-gcc | 1.0.1 | 28.55 | 237.95 | 266.50 | NOTE | |
| r-devel-linux-x86_64-fedora-clang | 1.0.1 | 453.04 | NOTE | |||
| r-devel-linux-x86_64-fedora-gcc | 1.0.1 | 437.97 | NOTE | |||
| r-patched-linux-x86_64 | 1.0.1 | 30.91 | 309.86 | 340.77 | NOTE | |
| r-release-linux-x86_64 | 1.0.1 | 30.98 | 279.21 | 310.19 | NOTE | |
| r-release-macos-arm64 | 1.0.1 | NOTE | ||||
| r-release-macos-x86_64 | 1.0.1 | NOTE | ||||
| r-release-windows-x86_64 | 1.0.1 | 31.00 | 299.00 | 330.00 | NOTE | |
| r-oldrel-macos-arm64 | 1.0.1 | NOTE | ||||
| r-oldrel-macos-x86_64 | 1.0.1 | NOTE | ||||
| r-oldrel-windows-ix86+x86_64 | 1.0.1 | 71.00 | 300.00 | 371.00 | NOTE | 
Version: 1.0.1
Check: R code for possible problems
Result: NOTE
    CreateVoronoi: no visible global function definition for 'slot'
    CreateVoronoi : <anonymous>: no visible global function definition for
      'slot'
    CreateVoronoi: no visible global function definition for 'chull'
    ExtractIMFi2D: no visible global function definition for 'par'
    LocatedAtBoundary: no visible global function definition for
      'txtProgressBar'
    LocatedAtBoundary: no visible global function definition for
      'setTxtProgressBar'
    PlotFit: no visible global function definition for 'par'
    iBEEMD: no visible global function definition for 'is'
    iBEEMD: no visible global function definition for 'sd'
    iBEEMD: no visible global function definition for 'txtProgressBar'
    iBEEMD: no visible global function definition for 'rnorm'
    iBEEMD: no visible global function definition for 'setTxtProgressBar'
    iBEEMD: no visible global function definition for 'terrain.colors'
    rbfcreate: no visible global function definition for 'is'
    rbfcreate : rbfAssemble: no visible global function definition for
      'dist'
    rbfinterp: no visible global function definition for 'is'
    rbfinterp: no visible global function definition for 'dist'
    Undefined global functions or variables:
      chull dist is par rnorm sd setTxtProgressBar slot terrain.colors
      txtProgressBar
    Consider adding
      importFrom("grDevices", "chull", "terrain.colors")
      importFrom("graphics", "par")
      importFrom("methods", "is", "slot")
      importFrom("stats", "dist", "rnorm", "sd")
      importFrom("utils", "setTxtProgressBar", "txtProgressBar")
    to your NAMESPACE file (and ensure that your DESCRIPTION Imports field
    contains 'methods').
Flavors: r-devel-linux-x86_64-debian-clang, r-devel-linux-x86_64-debian-gcc, r-devel-linux-x86_64-fedora-clang, r-devel-linux-x86_64-fedora-gcc, r-patched-linux-x86_64, r-release-linux-x86_64, r-release-macos-arm64, r-release-macos-x86_64, r-release-windows-x86_64, r-oldrel-macos-arm64, r-oldrel-macos-x86_64, r-oldrel-windows-ix86+x86_64