Last updated on 2022-04-24 03:52:28 CEST.
Flavor | Version | Tinstall | Tcheck | Ttotal | Status | Flags |
---|---|---|---|---|---|---|
r-devel-linux-x86_64-debian-clang | 1.50.0 | 22.31 | 172.50 | 194.81 | NOTE | |
r-devel-linux-x86_64-debian-gcc | 1.50.0 | 21.74 | 126.10 | 147.84 | NOTE | |
r-devel-linux-x86_64-fedora-clang | 1.50.0 | 238.33 | NOTE | |||
r-devel-linux-x86_64-fedora-gcc | 1.50.0 | 225.14 | NOTE | |||
r-patched-linux-x86_64 | 1.50.0 | 22.22 | 163.10 | 185.32 | NOTE | |
r-release-linux-x86_64 | 1.50.0 | 19.30 | 151.59 | 170.89 | NOTE | |
r-release-macos-arm64 | 1.50.0 | OK | ||||
r-release-macos-x86_64 | 1.50.0 | NOTE | ||||
r-release-windows-x86_64 | 1.50.0 | 61.00 | 187.00 | 248.00 | NOTE | |
r-oldrel-macos-arm64 | 1.50.0 | OK | ||||
r-oldrel-macos-x86_64 | 1.50.0 | NOTE | ||||
r-oldrel-windows-ix86+x86_64 | 1.50.0 | 47.00 | 173.00 | 220.00 | OK |
Version: 1.50.0
Check: package dependencies
Result: NOTE
Package suggested but not available for checking: 'SparkR'
Flavors: r-devel-linux-x86_64-debian-clang, r-devel-linux-x86_64-debian-gcc, r-devel-linux-x86_64-fedora-clang, r-devel-linux-x86_64-fedora-gcc, r-patched-linux-x86_64, r-release-linux-x86_64, r-release-macos-x86_64, r-release-windows-x86_64, r-oldrel-macos-x86_64