Last updated on 2022-04-24 03:52:28 CEST.
Flavor | Version | Tinstall | Tcheck | Ttotal | Status | Flags |
---|---|---|---|---|---|---|
r-devel-linux-x86_64-debian-clang | 1.1-6 | 5.11 | 105.89 | 111.00 | NOTE | |
r-devel-linux-x86_64-debian-gcc | 1.1-6 | 5.90 | 79.48 | 85.38 | NOTE | |
r-devel-linux-x86_64-fedora-clang | 1.1-6 | 137.74 | NOTE | |||
r-devel-linux-x86_64-fedora-gcc | 1.1-6 | 128.34 | NOTE | |||
r-patched-linux-x86_64 | 1.1-6 | 7.67 | 101.24 | 108.91 | NOTE | |
r-release-linux-x86_64 | 1.1-6 | 6.91 | 97.52 | 104.43 | NOTE | |
r-release-macos-arm64 | 1.1-6 | NOTE | ||||
r-release-macos-x86_64 | 1.1-6 | NOTE | ||||
r-release-windows-x86_64 | 1.1-6 | 29.00 | 150.00 | 179.00 | NOTE | |
r-oldrel-macos-arm64 | 1.1-6 | NOTE | ||||
r-oldrel-macos-x86_64 | 1.1-6 | NOTE | ||||
r-oldrel-windows-ix86+x86_64 | 1.1-6 | 14.00 | 125.00 | 139.00 | NOTE |
Version: 1.1-6
Check: LazyData
Result: NOTE
'LazyData' is specified without a 'data' directory
Flavors: r-devel-linux-x86_64-debian-clang, r-devel-linux-x86_64-debian-gcc, r-devel-linux-x86_64-fedora-clang, r-devel-linux-x86_64-fedora-gcc, r-patched-linux-x86_64, r-release-linux-x86_64, r-release-macos-arm64, r-release-macos-x86_64, r-release-windows-x86_64, r-oldrel-macos-arm64, r-oldrel-macos-x86_64, r-oldrel-windows-ix86+x86_64