Last updated on 2022-04-24 03:52:28 CEST.
Flavor | Version | Tinstall | Tcheck | Ttotal | Status | Flags |
---|---|---|---|---|---|---|
r-devel-linux-x86_64-debian-clang | 1.0.2 | 43.22 | 375.00 | 418.22 | OK | |
r-devel-linux-x86_64-debian-gcc | 1.0.2 | 38.50 | 270.74 | 309.24 | OK | |
r-devel-linux-x86_64-fedora-clang | 1.0.2 | 522.32 | NOTE | |||
r-devel-linux-x86_64-fedora-gcc | 1.0.2 | 515.69 | NOTE | |||
r-patched-linux-x86_64 | 1.0.2 | 36.82 | 356.34 | 393.16 | OK | |
r-release-linux-x86_64 | 1.0.2 | 38.88 | 322.81 | 361.69 | OK | |
r-release-macos-arm64 | 1.0.2 | NOTE | ||||
r-release-macos-x86_64 | 1.0.2 | NOTE | ||||
r-release-windows-x86_64 | 1.0.2 | 62.00 | 357.00 | 419.00 | OK | |
r-oldrel-macos-arm64 | 1.0.2 | NOTE | ||||
r-oldrel-macos-x86_64 | 1.0.2 | NOTE | ||||
r-oldrel-windows-ix86+x86_64 | 1.0.2 | 89.00 | 346.00 | 435.00 | OK |
Version: 1.0.2
Check: dependencies in R code
Result: NOTE
Namespace in Imports field not imported from: ‘methods’
All declared Imports should be used.
Flavors: r-devel-linux-x86_64-fedora-clang, r-devel-linux-x86_64-fedora-gcc, r-release-macos-arm64, r-release-macos-x86_64, r-oldrel-macos-arm64, r-oldrel-macos-x86_64