Last updated on 2022-04-24 03:52:28 CEST.
Flavor | Version | Tinstall | Tcheck | Ttotal | Status | Flags |
---|---|---|---|---|---|---|
r-devel-linux-x86_64-debian-clang | 0.3.2 | 1.87 | 29.10 | 30.97 | WARN | |
r-devel-linux-x86_64-debian-gcc | 0.3.3 | 1.51 | 22.55 | 24.06 | OK | |
r-devel-linux-x86_64-fedora-clang | 0.3.3 | 37.63 | OK | |||
r-devel-linux-x86_64-fedora-gcc | 0.3.3 | 27.23 | OK | |||
r-patched-linux-x86_64 | 0.3.3 | 1.54 | 27.77 | 29.31 | OK | |
r-release-linux-x86_64 | 0.3.2 | 1.54 | 27.09 | 28.63 | NOTE | |
r-release-macos-arm64 | 0.3.2 | NOTE | ||||
r-release-macos-x86_64 | 0.3.2 | NOTE | ||||
r-release-windows-x86_64 | 0.3.2 | 5.00 | 40.00 | 45.00 | NOTE | |
r-oldrel-macos-arm64 | 0.3.2 | NOTE | ||||
r-oldrel-macos-x86_64 | 0.3.2 | NOTE | ||||
r-oldrel-windows-ix86+x86_64 | 0.3.3 | 6.00 | 24.00 | 30.00 | OK |
Version: 0.3.2
Check: Rd files
Result: WARN
checkRd: (7) iccde.Rd:47: invalid email address: c.bloetner@gmail.com, grosz@wwu.de
Flavor: r-devel-linux-x86_64-debian-clang
Version: 0.3.2
Check: LazyData
Result: NOTE
'LazyData' is specified without a 'data' directory
Flavors: r-devel-linux-x86_64-debian-clang, r-release-linux-x86_64, r-release-macos-arm64, r-release-macos-x86_64, r-release-windows-x86_64, r-oldrel-macos-arm64, r-oldrel-macos-x86_64