Last updated on 2022-04-24 03:52:28 CEST.
Flavor | Version | Tinstall | Tcheck | Ttotal | Status | Flags |
---|---|---|---|---|---|---|
r-devel-linux-x86_64-debian-clang | 0.2.0 | 2.09 | 35.01 | 37.10 | OK | |
r-devel-linux-x86_64-debian-gcc | 0.2.0 | 1.79 | 26.83 | 28.62 | OK | |
r-devel-linux-x86_64-fedora-clang | 0.2.0 | 47.56 | NOTE | |||
r-devel-linux-x86_64-fedora-gcc | 0.2.0 | 34.06 | OK | |||
r-patched-linux-x86_64 | 0.2.0 | 2.04 | 33.75 | 35.79 | OK | |
r-release-linux-x86_64 | 0.2.0 | 2.31 | 32.64 | 34.95 | OK | |
r-release-macos-arm64 | 0.2.0 | OK | ||||
r-release-macos-x86_64 | 0.2.0 | OK | ||||
r-release-windows-x86_64 | 0.2.0 | 14.00 | 52.00 | 66.00 | OK | |
r-oldrel-macos-arm64 | 0.2.0 | OK | ||||
r-oldrel-macos-x86_64 | 0.2.0 | OK | ||||
r-oldrel-windows-ix86+x86_64 | 0.2.0 | 5.00 | 41.00 | 46.00 | OK |
Version: 0.2.0
Check: Rd cross-references
Result: NOTE
Undeclared package ‘tibble’ in Rd xrefs
Flavor: r-devel-linux-x86_64-fedora-clang