Last updated on 2022-04-24 03:52:28 CEST.
Flavor | Version | Tinstall | Tcheck | Ttotal | Status | Flags |
---|---|---|---|---|---|---|
r-devel-linux-x86_64-debian-clang | 2.0.15 | 81.08 | 186.55 | 267.63 | OK | |
r-devel-linux-x86_64-debian-gcc | 2.0.15 | 59.21 | 136.44 | 195.65 | OK | |
r-devel-linux-x86_64-fedora-clang | 2.0.15 | 333.35 | NOTE | |||
r-devel-linux-x86_64-fedora-gcc | 2.0.15 | 315.51 | OK | |||
r-patched-linux-x86_64 | 2.0.15 | 67.44 | 182.16 | 249.60 | OK | |
r-release-linux-x86_64 | 2.0.15 | 66.53 | 175.69 | 242.22 | OK | |
r-release-macos-arm64 | 2.0.15 | NOTE | ||||
r-release-macos-x86_64 | 2.0.15 | NOTE | ||||
r-release-windows-x86_64 | 2.0.15 | 91.00 | 320.00 | 411.00 | OK | |
r-oldrel-macos-arm64 | 2.0.15 | NOTE | ||||
r-oldrel-macos-x86_64 | 2.0.15 | NOTE | ||||
r-oldrel-windows-ix86+x86_64 | 2.0.15 | 142.00 | 337.00 | 479.00 | OK |
Version: 2.0.15
Check: installed package size
Result: NOTE
installed size is 13.6Mb
sub-directories of 1Mb or more:
libs 12.2Mb
Flavors: r-devel-linux-x86_64-fedora-clang, r-release-macos-arm64, r-release-macos-x86_64, r-oldrel-macos-arm64, r-oldrel-macos-x86_64