Last updated on 2022-04-24 03:52:28 CEST.
Flavor | Version | Tinstall | Tcheck | Ttotal | Status | Flags |
---|---|---|---|---|---|---|
r-devel-linux-x86_64-debian-clang | 1.3 | 8.27 | 91.64 | 99.91 | OK | |
r-devel-linux-x86_64-debian-gcc | 1.3 | 8.06 | 69.55 | 77.61 | OK | |
r-devel-linux-x86_64-fedora-clang | 1.3 | 126.88 | OK | |||
r-devel-linux-x86_64-fedora-gcc | 1.3 | 119.06 | OK | |||
r-patched-linux-x86_64 | 1.3 | 11.37 | 87.38 | 98.75 | OK | |
r-release-linux-x86_64 | 1.3 | 8.77 | 85.39 | 94.16 | OK | |
r-release-macos-arm64 | 1.3 | NOTE | ||||
r-release-macos-x86_64 | 1.3 | NOTE | ||||
r-release-windows-x86_64 | 1.3 | 15.00 | 132.00 | 147.00 | OK | |
r-oldrel-macos-arm64 | 1.3 | NOTE | ||||
r-oldrel-macos-x86_64 | 1.3 | NOTE | ||||
r-oldrel-windows-ix86+x86_64 | 1.3 | 19.00 | 103.00 | 122.00 | OK |
Version: 1.3
Check: package dependencies
Result: NOTE
Package suggested but not available for checking: ‘mixAK’
Flavors: r-release-macos-arm64, r-release-macos-x86_64, r-oldrel-macos-arm64, r-oldrel-macos-x86_64