Last updated on 2022-04-24 03:52:28 CEST.
Flavor | Version | Tinstall | Tcheck | Ttotal | Status | Flags |
---|---|---|---|---|---|---|
r-devel-linux-x86_64-debian-clang | 0.0.3 | 2.63 | 33.39 | 36.02 | OK | |
r-devel-linux-x86_64-debian-gcc | 0.0.3 | 2.20 | 25.91 | 28.11 | OK | |
r-devel-linux-x86_64-fedora-clang | 0.0.3 | 45.01 | NOTE | |||
r-devel-linux-x86_64-fedora-gcc | 0.0.3 | 33.07 | NOTE | |||
r-patched-linux-x86_64 | 0.0.3 | 1.92 | 32.30 | 34.22 | OK | |
r-release-linux-x86_64 | 0.0.3 | 1.75 | 32.25 | 34.00 | OK | |
r-release-macos-arm64 | 0.0.3 | NOTE | ||||
r-release-macos-x86_64 | 0.0.3 | NOTE | ||||
r-release-windows-x86_64 | 0.0.3 | 9.00 | 56.00 | 65.00 | OK | |
r-oldrel-macos-arm64 | 0.0.3 | NOTE | ||||
r-oldrel-macos-x86_64 | 0.0.3 | NOTE | ||||
r-oldrel-windows-ix86+x86_64 | 0.0.3 | 8.00 | 41.00 | 49.00 | OK |
Version: 0.0.3
Check: dependencies in R code
Result: NOTE
Namespaces in Imports field not imported from:
‘digest’ ‘purrr’ ‘tidyverse’
All declared Imports should be used.
Flavors: r-devel-linux-x86_64-fedora-clang, r-devel-linux-x86_64-fedora-gcc, r-release-macos-arm64, r-release-macos-x86_64, r-oldrel-macos-arm64, r-oldrel-macos-x86_64