Last updated on 2022-04-24 03:52:28 CEST.
Flavor | Version | Tinstall | Tcheck | Ttotal | Status | Flags |
---|---|---|---|---|---|---|
r-devel-linux-x86_64-debian-clang | 1.0 | 2.12 | 33.04 | 35.16 | NOTE | |
r-devel-linux-x86_64-debian-gcc | 1.0 | 1.73 | 25.32 | 27.05 | NOTE | |
r-devel-linux-x86_64-fedora-clang | 1.0 | 43.37 | NOTE | |||
r-devel-linux-x86_64-fedora-gcc | 1.0 | 31.07 | NOTE | |||
r-patched-linux-x86_64 | 1.0 | 2.35 | 31.33 | 33.68 | NOTE | |
r-release-linux-x86_64 | 1.0 | 2.23 | 31.12 | 33.35 | NOTE | |
r-release-macos-arm64 | 1.0 | NOTE | ||||
r-release-macos-x86_64 | 1.0 | NOTE | ||||
r-release-windows-x86_64 | 1.0 | 8.00 | 49.00 | 57.00 | NOTE | |
r-oldrel-macos-arm64 | 1.0 | NOTE | ||||
r-oldrel-macos-x86_64 | 1.0 | NOTE | ||||
r-oldrel-windows-ix86+x86_64 | 1.0 | 4.00 | 26.00 | 30.00 | NOTE |
Version: 1.0
Check: DESCRIPTION meta-information
Result: NOTE
Malformed Description field: should contain one or more complete sentences.
Flavors: r-devel-linux-x86_64-debian-clang, r-devel-linux-x86_64-debian-gcc, r-devel-linux-x86_64-fedora-clang, r-devel-linux-x86_64-fedora-gcc, r-patched-linux-x86_64, r-release-linux-x86_64, r-release-macos-arm64, r-release-macos-x86_64, r-release-windows-x86_64, r-oldrel-macos-arm64, r-oldrel-macos-x86_64, r-oldrel-windows-ix86+x86_64
Version: 1.0
Check: R code for possible problems
Result: NOTE
NB: .First.lib is obsolete and will not be used in R >= 3.0.0
idbg.interact: no visible global function definition for
'capture.output'
idbg.interact: no visible global function definition for 'timestamp'
idbg.print_breakpoints: no visible global function definition for
'capture.output'
Undefined global functions or variables:
capture.output timestamp
Consider adding
importFrom("utils", "capture.output", "timestamp")
to your NAMESPACE file.
Flavors: r-devel-linux-x86_64-debian-clang, r-devel-linux-x86_64-debian-gcc, r-devel-linux-x86_64-fedora-clang, r-devel-linux-x86_64-fedora-gcc, r-patched-linux-x86_64, r-release-linux-x86_64, r-release-macos-arm64, r-release-macos-x86_64, r-release-windows-x86_64, r-oldrel-macos-arm64, r-oldrel-macos-x86_64, r-oldrel-windows-ix86+x86_64