Last updated on 2022-04-24 03:52:28 CEST.
Flavor | Version | Tinstall | Tcheck | Ttotal | Status | Flags |
---|---|---|---|---|---|---|
r-devel-linux-x86_64-debian-clang | 1.0.3 | 44.19 | 82.47 | 126.66 | OK | |
r-devel-linux-x86_64-debian-gcc | 1.0.3 | 39.09 | 61.18 | 100.27 | OK | |
r-devel-linux-x86_64-fedora-clang | 1.0.3 | 182.33 | NOTE | |||
r-devel-linux-x86_64-fedora-gcc | 1.0.3 | 148.57 | OK | |||
r-patched-linux-x86_64 | 1.0.3 | 37.30 | 79.57 | 116.87 | OK | |
r-release-linux-x86_64 | 1.0.3 | 40.37 | 74.27 | 114.64 | OK | |
r-release-macos-arm64 | 1.0.3 | OK | ||||
r-release-macos-x86_64 | 1.0.3 | OK | ||||
r-release-windows-x86_64 | 1.0.3 | 51.00 | 120.00 | 171.00 | OK | |
r-oldrel-macos-arm64 | 1.0.3 | OK | ||||
r-oldrel-macos-x86_64 | 1.0.3 | OK | ||||
r-oldrel-windows-ix86+x86_64 | 1.0.3 | 111.00 | 131.00 | 242.00 | OK |
Version: 1.0.3
Check: Rd cross-references
Result: NOTE
Undeclared packages ‘mlogit’, ‘logitr’ in Rd xrefs
Flavor: r-devel-linux-x86_64-fedora-clang