Last updated on 2022-04-24 03:52:28 CEST.
Flavor | Version | Tinstall | Tcheck | Ttotal | Status | Flags |
---|---|---|---|---|---|---|
r-devel-linux-x86_64-debian-clang | 0.3.2 | 8.12 | 101.25 | 109.37 | OK | |
r-devel-linux-x86_64-debian-gcc | 0.3.2 | 6.51 | 74.73 | 81.24 | OK | |
r-devel-linux-x86_64-fedora-clang | 0.3.2 | 139.65 | OK | |||
r-devel-linux-x86_64-fedora-gcc | 0.3.2 | 116.69 | OK | |||
r-patched-linux-x86_64 | 0.3.2 | 10.43 | 92.48 | 102.91 | OK | |
r-release-linux-x86_64 | 0.3.2 | 7.90 | 92.28 | 100.18 | OK | |
r-release-macos-arm64 | 0.3.2 | OK | ||||
r-release-macos-x86_64 | 0.3.2 | WARN | ||||
r-release-windows-x86_64 | 0.3.2 | 71.00 | 131.00 | 202.00 | OK | |
r-oldrel-macos-arm64 | 0.3.2 | OK | ||||
r-oldrel-macos-x86_64 | 0.3.2 | WARN | ||||
r-oldrel-windows-ix86+x86_64 | 0.3.2 | 20.00 | 116.00 | 136.00 | OK |
Version: 0.3.2
Check: re-building of vignette outputs
Result: WARN
Error(s) in re-building vignettes:
--- re-building ‘model_details.Rmd’ using rmarkdown
Warning in engine$weave(file, quiet = quiet, encoding = enc) :
Pandoc (>= 1.12.3) not available. Falling back to R Markdown v1.
Quitting from lines 25-32 (model_details.Rmd)
Error: processing vignette 'model_details.Rmd' failed with diagnostics:
invalid 'path' argument
--- failed re-building ‘model_details.Rmd’
--- re-building ‘parameter_details.Rmd’ using rmarkdown
Warning in engine$weave(file, quiet = quiet, encoding = enc) :
Pandoc (>= 1.12.3) not available. Falling back to R Markdown v1.
Quitting from lines 24-31 (parameter_details.Rmd)
Error: processing vignette 'parameter_details.Rmd' failed with diagnostics:
invalid 'path' argument
--- failed re-building ‘parameter_details.Rmd’
--- re-building ‘resources.Rmd’ using rmarkdown
Warning in engine$weave(file, quiet = quiet, encoding = enc) :
Pandoc (>= 1.12.3) not available. Falling back to R Markdown v1.
--- finished re-building ‘resources.Rmd’
SUMMARY: processing the following files failed:
‘model_details.Rmd’ ‘parameter_details.Rmd’
Error: Vignette re-building failed.
Execution halted
Flavors: r-release-macos-x86_64, r-oldrel-macos-x86_64