Last updated on 2022-04-24 03:52:28 CEST.
Flavor | Version | Tinstall | Tcheck | Ttotal | Status | Flags |
---|---|---|---|---|---|---|
r-devel-linux-x86_64-debian-clang | 1.2 | 1.53 | 34.10 | 35.63 | NOTE | |
r-devel-linux-x86_64-debian-gcc | 1.2 | 1.93 | 25.78 | 27.71 | NOTE | |
r-devel-linux-x86_64-fedora-clang | 1.2 | 44.21 | NOTE | |||
r-devel-linux-x86_64-fedora-gcc | 1.2 | 32.56 | NOTE | |||
r-patched-linux-x86_64 | 1.2 | 2.38 | 32.60 | 34.98 | NOTE | |
r-release-linux-x86_64 | 1.2 | 1.67 | 31.29 | 32.96 | NOTE | |
r-release-macos-arm64 | 1.2 | NOTE | ||||
r-release-macos-x86_64 | 1.2 | NOTE | ||||
r-release-windows-x86_64 | 1.2 | 9.00 | 47.00 | 56.00 | NOTE | |
r-oldrel-macos-arm64 | 1.2 | NOTE | ||||
r-oldrel-macos-x86_64 | 1.2 | NOTE | ||||
r-oldrel-windows-ix86+x86_64 | 1.2 | 5.00 | 29.00 | 34.00 | NOTE |
Version: 1.2
Check: DESCRIPTION meta-information
Result: NOTE
Malformed Description field: should contain one or more complete sentences.
Flavors: r-devel-linux-x86_64-debian-clang, r-devel-linux-x86_64-debian-gcc, r-devel-linux-x86_64-fedora-clang, r-devel-linux-x86_64-fedora-gcc, r-patched-linux-x86_64, r-release-linux-x86_64, r-release-macos-arm64, r-release-macos-x86_64, r-release-windows-x86_64, r-oldrel-macos-arm64, r-oldrel-macos-x86_64, r-oldrel-windows-ix86+x86_64
Version: 1.2
Check: R code for possible problems
Result: NOTE
comp.uri: no visible global function definition for 'quantile'
est.IDR: no visible global function definition for 'ecdf'
get.pseudo.mix: no visible global function definition for 'pnorm'
get.uri.2d: no visible global function definition for 'smooth.spline'
get.uri.2d: no visible global function definition for 'predict'
Undefined global functions or variables:
ecdf pnorm predict quantile smooth.spline
Consider adding
importFrom("stats", "ecdf", "pnorm", "predict", "quantile",
"smooth.spline")
to your NAMESPACE file.
Flavors: r-devel-linux-x86_64-debian-clang, r-devel-linux-x86_64-debian-gcc, r-devel-linux-x86_64-fedora-clang, r-devel-linux-x86_64-fedora-gcc, r-patched-linux-x86_64, r-release-linux-x86_64, r-release-macos-arm64, r-release-macos-x86_64, r-release-windows-x86_64, r-oldrel-macos-arm64, r-oldrel-macos-x86_64, r-oldrel-windows-ix86+x86_64