Last updated on 2022-04-24 03:52:28 CEST.
Flavor | Version | Tinstall | Tcheck | Ttotal | Status | Flags |
---|---|---|---|---|---|---|
r-devel-linux-x86_64-debian-clang | 0.2-0 | 1.70 | 28.57 | 30.27 | OK | |
r-devel-linux-x86_64-debian-gcc | 0.2-0 | 1.76 | 22.47 | 24.23 | OK | |
r-devel-linux-x86_64-fedora-clang | 0.2-0 | 38.25 | NOTE | |||
r-devel-linux-x86_64-fedora-gcc | 0.2-0 | 27.48 | NOTE | |||
r-patched-linux-x86_64 | 0.2-0 | 2.33 | 28.63 | 30.96 | OK | |
r-release-linux-x86_64 | 0.2-0 | 1.93 | 27.49 | 29.42 | OK | |
r-release-macos-arm64 | 0.2-0 | OK | ||||
r-release-macos-x86_64 | 0.2-0 | OK | ||||
r-oldrel-macos-arm64 | 0.2-0 | OK | ||||
r-oldrel-macos-x86_64 | 0.2-0 | OK |
Version: 0.2-0
Check: compiled code
Result: NOTE
File ‘ieeeround/libs/ieeeround.so’:
Found no calls to: ‘R_registerRoutines’, ‘R_useDynamicSymbols’
It is good practice to register native routines and to disable symbol
search.
See ‘Writing portable packages’ in the ‘Writing R Extensions’ manual.
Flavors: r-devel-linux-x86_64-fedora-clang, r-devel-linux-x86_64-fedora-gcc