Last updated on 2022-04-24 03:52:28 CEST.
Flavor | Version | Tinstall | Tcheck | Ttotal | Status | Flags |
---|---|---|---|---|---|---|
r-devel-linux-x86_64-debian-clang | 0.6.1 | 2.20 | 36.41 | 38.61 | OK | |
r-devel-linux-x86_64-debian-gcc | 0.6.1 | 1.86 | 28.60 | 30.46 | OK | |
r-devel-linux-x86_64-fedora-clang | 0.6.1 | 48.64 | NOTE | |||
r-devel-linux-x86_64-fedora-gcc | 0.6.1 | 36.14 | NOTE | |||
r-patched-linux-x86_64 | 0.6.1 | 2.56 | 35.92 | 38.48 | OK | |
r-release-linux-x86_64 | 0.6.1 | 2.18 | 34.79 | 36.97 | OK | |
r-release-macos-arm64 | 0.6.1 | NOTE | ||||
r-release-macos-x86_64 | 0.6.1 | NOTE | ||||
r-release-windows-x86_64 | 0.6.1 | 49.00 | 63.00 | 112.00 | OK | |
r-oldrel-macos-arm64 | 0.6.1 | NOTE | ||||
r-oldrel-macos-x86_64 | 0.6.1 | NOTE | ||||
r-oldrel-windows-ix86+x86_64 | 0.6.1 | 5.00 | 47.00 | 52.00 | OK |
Version: 0.6.1
Check: data for non-ASCII characters
Result: NOTE
Note: found 1 marked UTF-8 string
Flavors: r-devel-linux-x86_64-fedora-clang, r-devel-linux-x86_64-fedora-gcc, r-release-macos-arm64, r-release-macos-x86_64, r-oldrel-macos-arm64, r-oldrel-macos-x86_64
Version: 0.6.1
Check: package dependencies
Result: NOTE
Package suggested but not available for checking: ‘ie2miscdata’
Flavors: r-release-macos-arm64, r-release-macos-x86_64, r-oldrel-macos-arm64, r-oldrel-macos-x86_64