Last updated on 2022-04-24 03:52:28 CEST.
Flavor | Version | Tinstall | Tcheck | Ttotal | Status | Flags |
---|---|---|---|---|---|---|
r-devel-linux-x86_64-debian-clang | 0.9.99 | 2.03 | 37.82 | 39.85 | OK | |
r-devel-linux-x86_64-debian-gcc | 0.9.99 | 1.56 | 29.41 | 30.97 | OK | |
r-devel-linux-x86_64-fedora-clang | 0.9.99 | 49.66 | NOTE | |||
r-devel-linux-x86_64-fedora-gcc | 0.9.99 | 37.45 | NOTE | |||
r-patched-linux-x86_64 | 0.9.99 | 2.00 | 37.11 | 39.11 | OK | |
r-release-linux-x86_64 | 0.9.99 | 1.74 | 36.38 | 38.12 | OK | |
r-release-macos-arm64 | 0.9.99 | NOTE | ||||
r-release-macos-x86_64 | 0.9.99 | NOTE | ||||
r-release-windows-x86_64 | 0.9.99 | 40.00 | 64.00 | 104.00 | OK | |
r-oldrel-macos-arm64 | 0.9.99 | NOTE | ||||
r-oldrel-macos-x86_64 | 0.9.99 | NOTE | ||||
r-oldrel-windows-ix86+x86_64 | 0.9.99 | 5.00 | 47.00 | 52.00 | OK |
Version: 0.9.99
Check: data for non-ASCII characters
Result: NOTE
Note: found 40 marked UTF-8 strings
Flavors: r-devel-linux-x86_64-fedora-clang, r-devel-linux-x86_64-fedora-gcc, r-release-macos-arm64, r-release-macos-x86_64, r-oldrel-macos-arm64, r-oldrel-macos-x86_64