Last updated on 2022-04-24 03:52:28 CEST.
Flavor | Version | Tinstall | Tcheck | Ttotal | Status | Flags |
---|---|---|---|---|---|---|
r-devel-linux-x86_64-debian-clang | 0.3.3 | 8.18 | 94.27 | 102.45 | OK | |
r-devel-linux-x86_64-debian-gcc | 0.3.3 | 5.45 | 69.88 | 75.33 | OK | |
r-devel-linux-x86_64-fedora-clang | 0.3.3 | 119.36 | NOTE | |||
r-devel-linux-x86_64-fedora-gcc | 0.3.3 | 106.58 | NOTE | |||
r-patched-linux-x86_64 | 0.3.3 | 7.20 | 85.85 | 93.05 | OK | |
r-release-linux-x86_64 | 0.3.3 | 6.84 | 83.68 | 90.52 | OK | |
r-release-macos-arm64 | 0.3.3 | NOTE | ||||
r-release-macos-x86_64 | 0.3.3 | NOTE | ||||
r-release-windows-x86_64 | 0.3.3 | 17.00 | 111.00 | 128.00 | OK | |
r-oldrel-macos-arm64 | 0.3.3 | NOTE | ||||
r-oldrel-macos-x86_64 | 0.3.3 | NOTE | ||||
r-oldrel-windows-ix86+x86_64 | 0.3.3 | 17.00 | 103.00 | 120.00 | OK |
Version: 0.3.3
Check: dependencies in R code
Result: NOTE
Namespaces in Imports field not imported from:
‘kableExtra’ ‘knitr’ ‘xtable’
All declared Imports should be used.
Flavors: r-devel-linux-x86_64-fedora-clang, r-devel-linux-x86_64-fedora-gcc, r-release-macos-arm64, r-release-macos-x86_64, r-oldrel-macos-arm64, r-oldrel-macos-x86_64