Last updated on 2022-04-24 03:52:28 CEST.
Flavor | Version | Tinstall | Tcheck | Ttotal | Status | Flags |
---|---|---|---|---|---|---|
r-devel-linux-x86_64-debian-clang | 3.3.0 | 12.11 | 280.58 | 292.69 | OK | |
r-devel-linux-x86_64-debian-gcc | 3.3.0 | 9.20 | 196.07 | 205.27 | OK | |
r-devel-linux-x86_64-fedora-clang | 3.3.0 | 331.40 | NOTE | |||
r-devel-linux-x86_64-fedora-gcc | 3.3.0 | 317.05 | NOTE | |||
r-patched-linux-x86_64 | 3.3.0 | 17.41 | 254.44 | 271.85 | OK | |
r-release-linux-x86_64 | 3.3.0 | 10.47 | 242.63 | 253.10 | OK | |
r-release-macos-arm64 | 3.3.0 | NOTE | ||||
r-release-macos-x86_64 | 3.3.0 | NOTE | ||||
r-release-windows-x86_64 | 3.3.0 | 41.00 | 327.00 | 368.00 | OK | |
r-oldrel-macos-arm64 | 3.3.0 | NOTE | ||||
r-oldrel-macos-x86_64 | 3.3.0 | NOTE | ||||
r-oldrel-windows-ix86+x86_64 | 3.3.0 | 24.00 | 302.00 | 326.00 | OK |
Version: 3.3.0
Check: dependencies in R code
Result: NOTE
Namespace in Imports field not imported from: ‘plotly’
All declared Imports should be used.
Flavors: r-devel-linux-x86_64-fedora-clang, r-devel-linux-x86_64-fedora-gcc, r-release-macos-arm64, r-release-macos-x86_64, r-oldrel-macos-arm64, r-oldrel-macos-x86_64