Last updated on 2022-04-24 03:52:28 CEST.
Flavor | Version | Tinstall | Tcheck | Ttotal | Status | Flags |
---|---|---|---|---|---|---|
r-devel-linux-x86_64-debian-clang | 0.1.3 | 9.06 | 76.28 | 85.34 | OK | |
r-devel-linux-x86_64-debian-gcc | 0.1.3 | 6.98 | 57.04 | 64.02 | OK | |
r-devel-linux-x86_64-fedora-clang | 0.1.3 | 105.66 | NOTE | |||
r-devel-linux-x86_64-fedora-gcc | 0.1.3 | 89.54 | NOTE | |||
r-patched-linux-x86_64 | 0.1.3 | 9.20 | 71.26 | 80.46 | OK | |
r-release-linux-x86_64 | 0.1.3 | 9.05 | 71.82 | 80.87 | OK | |
r-release-macos-arm64 | 0.1.3 | NOTE | ||||
r-release-macos-x86_64 | 0.1.3 | NOTE | ||||
r-release-windows-x86_64 | 0.1.3 | 19.00 | 100.00 | 119.00 | OK | |
r-oldrel-macos-arm64 | 0.1.3 | NOTE | ||||
r-oldrel-macos-x86_64 | 0.1.3 | NOTE | ||||
r-oldrel-windows-ix86+x86_64 | 0.1.3 | 13.00 | 79.00 | 92.00 | OK |
Version: 0.1.3
Check: data for non-ASCII characters
Result: NOTE
Note: found 160 marked UTF-8 strings
Flavors: r-devel-linux-x86_64-fedora-clang, r-devel-linux-x86_64-fedora-gcc, r-release-macos-arm64, r-release-macos-x86_64, r-oldrel-macos-arm64, r-oldrel-macos-x86_64