Last updated on 2022-04-24 03:52:28 CEST.
Flavor | Version | Tinstall | Tcheck | Ttotal | Status | Flags |
---|---|---|---|---|---|---|
r-devel-linux-x86_64-debian-clang | 1.0 | 2.49 | 34.39 | 36.88 | NOTE | |
r-devel-linux-x86_64-debian-gcc | 1.0 | 1.62 | 26.84 | 28.46 | NOTE | |
r-devel-linux-x86_64-fedora-clang | 1.0 | 50.73 | NOTE | |||
r-devel-linux-x86_64-fedora-gcc | 1.0 | 38.36 | NOTE | |||
r-patched-linux-x86_64 | 1.0 | 1.82 | 33.86 | 35.68 | NOTE | |
r-release-linux-x86_64 | 1.0 | 2.31 | 36.10 | 38.41 | NOTE | |
r-release-macos-arm64 | 1.0 | NOTE | ||||
r-release-macos-x86_64 | 1.0 | NOTE | ||||
r-release-windows-x86_64 | 1.0 | 11.00 | 54.00 | 65.00 | NOTE | |
r-oldrel-macos-arm64 | 1.0 | NOTE | ||||
r-oldrel-macos-x86_64 | 1.0 | NOTE | ||||
r-oldrel-windows-ix86+x86_64 | 1.0 | 5.00 | 44.00 | 49.00 | NOTE |
Version: 1.0
Check: DESCRIPTION meta-information
Result: NOTE
Malformed Description field: should contain one or more complete sentences.
Flavors: r-devel-linux-x86_64-debian-clang, r-devel-linux-x86_64-debian-gcc, r-devel-linux-x86_64-fedora-clang, r-devel-linux-x86_64-fedora-gcc, r-patched-linux-x86_64, r-release-linux-x86_64, r-release-macos-arm64, r-release-macos-x86_64, r-release-windows-x86_64, r-oldrel-macos-arm64, r-oldrel-macos-x86_64, r-oldrel-windows-ix86+x86_64