Last updated on 2022-04-24 03:52:28 CEST.
Flavor | Version | Tinstall | Tcheck | Ttotal | Status | Flags |
---|---|---|---|---|---|---|
r-devel-linux-x86_64-debian-clang | 1.0 | 2.69 | 44.24 | 46.93 | OK | |
r-devel-linux-x86_64-debian-gcc | 1.0 | 2.31 | 32.48 | 34.79 | OK | |
r-devel-linux-x86_64-fedora-clang | 1.0 | 56.67 | OK | |||
r-devel-linux-x86_64-fedora-gcc | 1.0 | 44.07 | OK | |||
r-patched-linux-x86_64 | 1.0 | 2.84 | 40.54 | 43.38 | OK | |
r-release-linux-x86_64 | 1.0 | 2.65 | 40.04 | 42.69 | OK | |
r-release-macos-arm64 | 1.0 | OK | ||||
r-release-macos-x86_64 | 1.0 | WARN | --as-cran | |||
r-release-windows-x86_64 | 1.0 | 14.00 | 64.00 | 78.00 | OK | |
r-oldrel-macos-arm64 | 1.0 | OK | ||||
r-oldrel-macos-x86_64 | 1.0 | WARN | --as-cran | |||
r-oldrel-windows-ix86+x86_64 | 1.0 | 9.00 | 60.00 | 69.00 | OK |
Version: 1.0
Flags: --as-cran
Check: CRAN incoming feasibility
Result: WARN
Maintainer: ‘Koen Hufkens <koen.hufkens@gmail.com>’
Insufficient package version (submitted: 1.0, existing: 1.0)
Days since last update: 1
Flavors: r-release-macos-x86_64, r-oldrel-macos-x86_64