Last updated on 2022-04-24 03:52:28 CEST.
Flavor | Version | Tinstall | Tcheck | Ttotal | Status | Flags |
---|---|---|---|---|---|---|
r-devel-linux-x86_64-debian-clang | 1.2.1 | 6.73 | 71.83 | 78.56 | NOTE | |
r-devel-linux-x86_64-debian-gcc | 1.2.1 | 4.13 | 52.62 | 56.75 | NOTE | |
r-devel-linux-x86_64-fedora-clang | 1.2.1 | 93.09 | NOTE | |||
r-devel-linux-x86_64-fedora-gcc | 1.2.1 | 78.33 | NOTE | |||
r-patched-linux-x86_64 | 1.2.1 | 4.68 | 67.24 | 71.92 | NOTE | |
r-release-linux-x86_64 | 1.2.1 | 5.43 | 63.01 | 68.44 | NOTE | |
r-release-macos-arm64 | 1.2.1 | NOTE | ||||
r-release-macos-x86_64 | 1.2.1 | NOTE | ||||
r-release-windows-x86_64 | 1.2.1 | 15.00 | 84.00 | 99.00 | NOTE | |
r-oldrel-macos-arm64 | 1.2.1 | NOTE | ||||
r-oldrel-macos-x86_64 | 1.2.1 | NOTE | ||||
r-oldrel-windows-ix86+x86_64 | 1.2.1 | 16.00 | 74.00 | 90.00 | NOTE |
Version: 1.2.1
Check: LazyData
Result: NOTE
'LazyData' is specified without a 'data' directory
Flavors: r-devel-linux-x86_64-debian-clang, r-devel-linux-x86_64-debian-gcc, r-devel-linux-x86_64-fedora-clang, r-devel-linux-x86_64-fedora-gcc, r-patched-linux-x86_64, r-release-linux-x86_64, r-release-macos-arm64, r-release-macos-x86_64, r-release-windows-x86_64, r-oldrel-macos-arm64, r-oldrel-macos-x86_64, r-oldrel-windows-ix86+x86_64