Last updated on 2022-04-24 03:52:28 CEST.
Flavor | Version | Tinstall | Tcheck | Ttotal | Status | Flags |
---|---|---|---|---|---|---|
r-devel-linux-x86_64-debian-clang | 2.2.7 | 7.73 | 69.77 | 77.50 | OK | |
r-devel-linux-x86_64-debian-gcc | 2.2.7 | 6.25 | 53.50 | 59.75 | OK | |
r-devel-linux-x86_64-fedora-clang | 2.2.7 | 96.09 | OK | |||
r-devel-linux-x86_64-fedora-gcc | 2.2.7 | 82.99 | OK | |||
r-patched-linux-x86_64 | 2.2.7 | 7.50 | 65.07 | 72.57 | OK | |
r-release-linux-x86_64 | 2.2.7 | 6.92 | 67.43 | 74.35 | OK | |
r-release-macos-arm64 | 2.2.7 | NOTE | ||||
r-release-macos-x86_64 | 2.2.7 | NOTE | ||||
r-release-windows-x86_64 | 2.2.7 | 42.00 | 102.00 | 144.00 | OK | |
r-oldrel-macos-arm64 | 2.2.7 | NOTE | ||||
r-oldrel-macos-x86_64 | 2.2.7 | NOTE | ||||
r-oldrel-windows-ix86+x86_64 | 2.2.7 | 23.00 | 113.00 | 136.00 | OK |
Version: 2.2.7
Check: installed package size
Result: NOTE
installed size is 7.3Mb
sub-directories of 1Mb or more:
libs 5.4Mb
Flavors: r-release-macos-arm64, r-release-macos-x86_64, r-oldrel-macos-arm64, r-oldrel-macos-x86_64