Last updated on 2022-04-24 03:52:28 CEST.
Flavor | Version | Tinstall | Tcheck | Ttotal | Status | Flags |
---|---|---|---|---|---|---|
r-devel-linux-x86_64-debian-clang | 0.1.0 | 72.89 | 39.66 | 112.55 | OK | |
r-devel-linux-x86_64-debian-gcc | 0.1.0 | 54.35 | 29.79 | 84.14 | OK | |
r-devel-linux-x86_64-fedora-clang | 0.1.0 | 149.26 | NOTE | |||
r-devel-linux-x86_64-fedora-gcc | 0.1.0 | 126.50 | OK | |||
r-patched-linux-x86_64 | 0.1.0 | 58.48 | 36.35 | 94.83 | OK | |
r-release-linux-x86_64 | 0.1.0 | 56.49 | 36.15 | 92.64 | OK | |
r-release-macos-arm64 | 0.1.0 | NOTE | ||||
r-release-macos-x86_64 | 0.1.0 | NOTE | ||||
r-release-windows-x86_64 | 0.1.0 | 2071.00 | 92.00 | 2163.00 | NOTE | |
r-oldrel-macos-arm64 | 0.1.0 | NOTE | ||||
r-oldrel-macos-x86_64 | 0.1.0 | NOTE | ||||
r-oldrel-windows-ix86+x86_64 | 0.1.0 | 167.00 | 74.00 | 241.00 | NOTE |
Version: 0.1.0
Check: installed package size
Result: NOTE
installed size is 13.0Mb
sub-directories of 1Mb or more:
dlib-19.20 9.3Mb
libs 3.1Mb
Flavors: r-devel-linux-x86_64-fedora-clang, r-release-macos-arm64, r-release-macos-x86_64, r-release-windows-x86_64, r-oldrel-macos-arm64, r-oldrel-macos-x86_64, r-oldrel-windows-ix86+x86_64