Last updated on 2022-04-24 03:52:28 CEST.
Flavor | Version | Tinstall | Tcheck | Ttotal | Status | Flags |
---|---|---|---|---|---|---|
r-devel-linux-x86_64-debian-clang | 0.1 | 54.51 | 51.13 | 105.64 | OK | |
r-devel-linux-x86_64-debian-gcc | 0.1 | 37.68 | 39.26 | 76.94 | OK | |
r-devel-linux-x86_64-fedora-clang | 0.1 | 144.61 | OK | |||
r-devel-linux-x86_64-fedora-gcc | 0.1 | 111.70 | OK | |||
r-patched-linux-x86_64 | 0.1 | 42.05 | 49.61 | 91.66 | OK | |
r-release-linux-x86_64 | 0.1 | 33.75 | 48.43 | 82.18 | OK | |
r-release-macos-arm64 | 0.1 | OK | ||||
r-release-macos-x86_64 | 0.1 | OK | ||||
r-release-windows-x86_64 | 0.1 | 60.00 | 83.00 | 143.00 | OK | |
r-oldrel-macos-arm64 | 0.1 | OK | ||||
r-oldrel-macos-x86_64 | 0.1 | OK | ||||
r-oldrel-windows-ix86+x86_64 | 0.1 | 119.00 | 84.00 | 203.00 | NOTE |
Version: 0.1
Check: installed package size
Result: NOTE
installed size is 7.0Mb
sub-directories of 1Mb or more:
libs 6.8Mb
Flavor: r-oldrel-windows-ix86+x86_64