Last updated on 2022-04-24 03:52:28 CEST.
Flavor | Version | Tinstall | Tcheck | Ttotal | Status | Flags |
---|---|---|---|---|---|---|
r-devel-linux-x86_64-debian-clang | 0.2.3 | 3.08 | 51.94 | 55.02 | OK | |
r-devel-linux-x86_64-debian-gcc | 0.2.3 | 2.64 | 39.50 | 42.14 | OK | |
r-devel-linux-x86_64-fedora-clang | 0.2.3 | 67.30 | NOTE | |||
r-devel-linux-x86_64-fedora-gcc | 0.2.3 | 54.87 | OK | |||
r-patched-linux-x86_64 | 0.2.3 | 3.34 | 49.30 | 52.64 | OK | |
r-release-linux-x86_64 | 0.2.3 | 3.08 | 48.56 | 51.64 | OK | |
r-release-macos-arm64 | 0.2.3 | OK | ||||
r-release-macos-x86_64 | 0.2.3 | OK | ||||
r-release-windows-x86_64 | 0.2.3 | 38.00 | 368.00 | 406.00 | OK | |
r-oldrel-macos-arm64 | 0.2.3 | OK | ||||
r-oldrel-macos-x86_64 | 0.2.3 | OK | ||||
r-oldrel-windows-ix86+x86_64 | 0.2.3 | 7.00 | 86.00 | 93.00 | OK |
Version: 0.2.3
Check: Rd cross-references
Result: NOTE
Undeclared packages ‘bmp’, ‘jpeg’, ‘png’, ‘tiff’ in Rd xrefs
Flavor: r-devel-linux-x86_64-fedora-clang