Last updated on 2022-04-24 03:52:28 CEST.
Flavor | Version | Tinstall | Tcheck | Ttotal | Status | Flags |
---|---|---|---|---|---|---|
r-devel-linux-x86_64-debian-clang | 0.42.13 | 628.48 | 200.01 | 828.49 | OK | |
r-devel-linux-x86_64-debian-gcc | 0.42.13 | 619.63 | 156.30 | 775.93 | OK | |
r-devel-linux-x86_64-fedora-clang | 0.42.13 | 1367.24 | NOTE | |||
r-devel-linux-x86_64-fedora-gcc | 0.42.13 | 1330.35 | OK | |||
r-patched-linux-x86_64 | 0.42.13 | 598.97 | 196.01 | 794.98 | OK | |
r-release-linux-x86_64 | 0.42.13 | 599.81 | 191.64 | 791.45 | OK | |
r-release-macos-arm64 | 0.42.13 | NOTE | ||||
r-release-macos-x86_64 | 0.42.13 | NOTE | ||||
r-release-windows-x86_64 | 0.42.13 | 458.00 | 301.00 | 759.00 | NOTE | |
r-oldrel-macos-arm64 | 0.42.13 | NOTE | ||||
r-oldrel-macos-x86_64 | 0.42.13 | NOTE | ||||
r-oldrel-windows-ix86+x86_64 | 0.42.13 | 1308.00 | 379.00 | 1687.00 | NOTE |
Version: 0.42.13
Check: installed package size
Result: NOTE
installed size is 35.9Mb
sub-directories of 1Mb or more:
data 1.4Mb
doc 4.4Mb
extdata 1.1Mb
include 3.0Mb
libs 25.4Mb
Flavors: r-devel-linux-x86_64-fedora-clang, r-release-macos-arm64, r-release-macos-x86_64, r-release-windows-x86_64, r-oldrel-macos-arm64, r-oldrel-macos-x86_64, r-oldrel-windows-ix86+x86_64