Last updated on 2022-04-24 03:52:28 CEST.
Flavor | Version | Tinstall | Tcheck | Ttotal | Status | Flags |
---|---|---|---|---|---|---|
r-devel-linux-x86_64-debian-clang | 1.5.3 | 22.07 | 66.63 | 88.70 | WARN | |
r-devel-linux-x86_64-debian-gcc | 1.5.3 | 16.22 | 49.14 | 65.36 | OK | |
r-devel-linux-x86_64-fedora-clang | 1.5.3 | 113.95 | WARN | |||
r-devel-linux-x86_64-fedora-gcc | 1.5.3 | 93.89 | OK | |||
r-patched-linux-x86_64 | 1.5.3 | 18.30 | 64.71 | 83.01 | OK | |
r-release-linux-x86_64 | 1.5.3 | 18.41 | 63.15 | 81.56 | OK | |
r-release-macos-arm64 | 1.5.3 | OK | ||||
r-release-macos-x86_64 | 1.5.3 | OK | ||||
r-release-windows-x86_64 | 1.5.3 | 29.00 | 160.00 | 189.00 | OK | |
r-oldrel-macos-arm64 | 1.5.3 | OK | ||||
r-oldrel-macos-x86_64 | 1.5.3 | OK | ||||
r-oldrel-windows-ix86+x86_64 | 1.5.3 | 50.00 | 109.00 | 159.00 | OK |
Version: 1.5.3
Check: whether package can be installed
Result: WARN
Found the following significant warnings:
engines.cpp:337:14: warning: use of bitwise '|' with boolean operands [-Wbitwise-instead-of-logical]
engines.cpp:351:14: warning: use of bitwise '|' with boolean operands [-Wbitwise-instead-of-logical]
engines.cpp:365:14: warning: use of bitwise '|' with boolean operands [-Wbitwise-instead-of-logical]
engines.cpp:379:14: warning: use of bitwise '|' with boolean operands [-Wbitwise-instead-of-logical]
engines.cpp:401:16: warning: use of bitwise '|' with boolean operands [-Wbitwise-instead-of-logical]
Flavors: r-devel-linux-x86_64-debian-clang, r-devel-linux-x86_64-fedora-clang