Last updated on 2022-04-24 03:52:28 CEST.
Flavor | Version | Tinstall | Tcheck | Ttotal | Status | Flags |
---|---|---|---|---|---|---|
r-devel-linux-x86_64-debian-clang | 0.1.3 | 5.72 | 62.83 | 68.55 | OK | |
r-devel-linux-x86_64-debian-gcc | 0.1.3 | 3.76 | 47.08 | 50.84 | OK | |
r-devel-linux-x86_64-fedora-clang | 0.1.3 | 85.11 | NOTE | |||
r-devel-linux-x86_64-fedora-gcc | 0.1.3 | 68.73 | NOTE | |||
r-patched-linux-x86_64 | 0.1.3 | 4.56 | 60.02 | 64.58 | OK | |
r-release-linux-x86_64 | 0.1.3 | 3.82 | 56.69 | 60.51 | OK | |
r-release-macos-arm64 | 0.1.3 | NOTE | ||||
r-release-macos-x86_64 | 0.1.3 | NOTE | ||||
r-release-windows-x86_64 | 0.1.3 | 14.00 | 81.00 | 95.00 | OK | |
r-oldrel-macos-arm64 | 0.1.3 | NOTE | ||||
r-oldrel-macos-x86_64 | 0.1.3 | NOTE | ||||
r-oldrel-windows-ix86+x86_64 | 0.1.3 | 14.00 | 68.00 | 82.00 | OK |
Version: 0.1.3
Check: dependencies in R code
Result: NOTE
Namespace in Imports field not imported from: ‘knitr’
All declared Imports should be used.
Flavors: r-devel-linux-x86_64-fedora-clang, r-devel-linux-x86_64-fedora-gcc, r-release-macos-arm64, r-release-macos-x86_64, r-oldrel-macos-arm64, r-oldrel-macos-x86_64