Last updated on 2022-04-24 03:52:28 CEST.
Flavor | Version | Tinstall | Tcheck | Ttotal | Status | Flags |
---|---|---|---|---|---|---|
r-devel-linux-x86_64-debian-clang | 0.9.2 | 57.85 | 564.60 | 622.45 | OK | |
r-devel-linux-x86_64-debian-gcc | 0.9.2 | 46.30 | 415.04 | 461.34 | OK | |
r-devel-linux-x86_64-fedora-clang | 0.9.2 | 787.66 | NOTE | |||
r-devel-linux-x86_64-fedora-gcc | 0.9.2 | 762.61 | NOTE | |||
r-patched-linux-x86_64 | 0.9.2 | 56.18 | 527.00 | 583.18 | OK | |
r-release-linux-x86_64 | 0.9.2 | 48.74 | 476.93 | 525.67 | OK | |
r-release-macos-arm64 | 0.9.2 | NOTE | ||||
r-release-macos-x86_64 | 0.9.2 | NOTE | ||||
r-release-windows-x86_64 | 0.9.2 | 63.00 | 542.00 | 605.00 | OK | |
r-oldrel-macos-arm64 | 0.9.2 | NOTE | ||||
r-oldrel-macos-x86_64 | 0.9.2 | NOTE | ||||
r-oldrel-windows-ix86+x86_64 | 0.9.2 | 114.00 | 544.00 | 658.00 | OK |
Version: 0.9.2
Check: dependencies in R code
Result: NOTE
Namespaces in Imports field not imported from:
‘methods’ ‘reshape2’
All declared Imports should be used.
Flavors: r-devel-linux-x86_64-fedora-clang, r-devel-linux-x86_64-fedora-gcc, r-release-macos-arm64, r-release-macos-x86_64, r-oldrel-macos-arm64, r-oldrel-macos-x86_64