Last updated on 2022-04-24 03:52:28 CEST.
Flavor | Version | Tinstall | Tcheck | Ttotal | Status | Flags |
---|---|---|---|---|---|---|
r-devel-linux-x86_64-debian-clang | 0.6.7 | 43.97 | 343.73 | 387.70 | OK | |
r-devel-linux-x86_64-debian-gcc | 0.6.7 | 35.18 | 249.33 | 284.51 | OK | |
r-devel-linux-x86_64-fedora-clang | 0.6.7 | 453.53 | NOTE | |||
r-devel-linux-x86_64-fedora-gcc | 0.6.7 | 415.66 | NOTE | |||
r-patched-linux-x86_64 | 0.6.7 | 48.70 | 312.76 | 361.46 | OK | |
r-release-linux-x86_64 | 0.6.7 | 32.22 | 298.33 | 330.55 | OK | |
r-release-macos-arm64 | 0.6.7 | NOTE | ||||
r-release-macos-x86_64 | 0.6.7 | NOTE | ||||
r-release-windows-x86_64 | 0.6.7 | 77.00 | 370.00 | 447.00 | NOTE | |
r-oldrel-macos-arm64 | 0.6.7 | NOTE | ||||
r-oldrel-macos-x86_64 | 0.6.7 | NOTE | ||||
r-oldrel-windows-ix86+x86_64 | 0.6.7 | 90.00 | 534.00 | 624.00 | NOTE |
Version: 0.6.7
Check: package dependencies
Result: NOTE
Imports includes 28 non-default packages.
Importing from so many packages makes the package vulnerable to any of
them becoming unavailable. Move as many as possible to Suggests and
use conditionally.
Flavor: r-devel-linux-x86_64-fedora-clang
Version: 0.6.7
Check: installed package size
Result: NOTE
installed size is 7.9Mb
sub-directories of 1Mb or more:
data 4.3Mb
doc 1.6Mb
Flavors: r-devel-linux-x86_64-fedora-clang, r-release-macos-arm64, r-release-macos-x86_64, r-release-windows-x86_64, r-oldrel-macos-arm64, r-oldrel-macos-x86_64, r-oldrel-windows-ix86+x86_64
Version: 0.6.7
Check: dependencies in R code
Result: NOTE
Namespace in Imports field not imported from: ‘dbplyr’
All declared Imports should be used.
Flavors: r-devel-linux-x86_64-fedora-clang, r-devel-linux-x86_64-fedora-gcc, r-release-macos-arm64, r-release-macos-x86_64, r-oldrel-macos-arm64, r-oldrel-macos-x86_64