Last updated on 2022-04-24 03:52:28 CEST.
Flavor | Version | Tinstall | Tcheck | Ttotal | Status | Flags |
---|---|---|---|---|---|---|
r-devel-linux-x86_64-debian-clang | 0.8.7 | 51.34 | 227.10 | 278.44 | NOTE | |
r-devel-linux-x86_64-debian-gcc | 0.8.7 | 43.79 | 168.01 | 211.80 | NOTE | |
r-devel-linux-x86_64-fedora-clang | 0.8.7 | 342.17 | NOTE | |||
r-devel-linux-x86_64-fedora-gcc | 0.8.7 | 325.10 | NOTE | |||
r-patched-linux-x86_64 | 0.8.7 | 49.49 | 211.94 | 261.43 | NOTE | |
r-release-linux-x86_64 | 0.8.7 | 47.37 | 200.67 | 248.04 | NOTE | |
r-release-macos-arm64 | 0.8.7 | NOTE | ||||
r-release-macos-x86_64 | 0.8.7 | NOTE | ||||
r-release-windows-x86_64 | 0.8.7 | 62.00 | 228.00 | 290.00 | NOTE | |
r-oldrel-macos-arm64 | 0.8.7 | NOTE | ||||
r-oldrel-macos-x86_64 | 0.8.7 | NOTE | ||||
r-oldrel-windows-ix86+x86_64 | 0.8.7 | 87.00 | 224.00 | 311.00 | NOTE |
Version: 0.8.7
Check: LazyData
Result: NOTE
'LazyData' is specified without a 'data' directory
Flavors: r-devel-linux-x86_64-debian-clang, r-devel-linux-x86_64-debian-gcc, r-devel-linux-x86_64-fedora-clang, r-devel-linux-x86_64-fedora-gcc, r-patched-linux-x86_64, r-release-linux-x86_64, r-release-macos-arm64, r-release-macos-x86_64, r-release-windows-x86_64, r-oldrel-macos-arm64, r-oldrel-macos-x86_64, r-oldrel-windows-ix86+x86_64
Version: 0.8.7
Check: installed package size
Result: NOTE
installed size is 5.2Mb
sub-directories of 1Mb or more:
R 5.1Mb
Flavors: r-release-macos-arm64, r-oldrel-macos-arm64