Last updated on 2022-04-24 03:52:28 CEST.
Flavor | Version | Tinstall | Tcheck | Ttotal | Status | Flags |
---|---|---|---|---|---|---|
r-devel-linux-x86_64-debian-clang | 0.1.0 | 32.24 | 70.57 | 102.81 | NOTE | |
r-devel-linux-x86_64-debian-gcc | 0.1.0 | 25.47 | 51.91 | 77.38 | NOTE | |
r-devel-linux-x86_64-fedora-clang | 0.1.0 | 134.63 | NOTE | |||
r-devel-linux-x86_64-fedora-gcc | 0.1.0 | 111.96 | NOTE | |||
r-patched-linux-x86_64 | 0.1.0 | 27.59 | 65.93 | 93.52 | NOTE | |
r-release-linux-x86_64 | 0.1.0 | 27.66 | 62.72 | 90.38 | NOTE | |
r-release-macos-arm64 | 0.1.0 | NOTE | ||||
r-release-macos-x86_64 | 0.1.0 | NOTE | ||||
r-release-windows-x86_64 | 0.1.0 | 34.00 | 99.00 | 133.00 | NOTE | |
r-oldrel-macos-arm64 | 0.1.0 | NOTE | ||||
r-oldrel-macos-x86_64 | 0.1.0 | NOTE | ||||
r-oldrel-windows-ix86+x86_64 | 0.1.0 | 79.00 | 108.00 | 187.00 | NOTE |
Version: 0.1.0
Check: LazyData
Result: NOTE
'LazyData' is specified without a 'data' directory
Flavors: r-devel-linux-x86_64-debian-clang, r-devel-linux-x86_64-debian-gcc, r-devel-linux-x86_64-fedora-clang, r-devel-linux-x86_64-fedora-gcc, r-patched-linux-x86_64, r-release-linux-x86_64, r-release-macos-arm64, r-release-macos-x86_64, r-release-windows-x86_64, r-oldrel-macos-arm64, r-oldrel-macos-x86_64, r-oldrel-windows-ix86+x86_64