Last updated on 2022-04-24 03:52:28 CEST.
Flavor | Version | Tinstall | Tcheck | Ttotal | Status | Flags |
---|---|---|---|---|---|---|
r-devel-linux-x86_64-debian-clang | 0.4.0 | 32.27 | 77.44 | 109.71 | NOTE | |
r-devel-linux-x86_64-debian-gcc | 0.4.0 | 20.55 | 57.91 | 78.46 | NOTE | |
r-devel-linux-x86_64-fedora-clang | 0.4.0 | 136.67 | NOTE | |||
r-devel-linux-x86_64-fedora-gcc | 0.4.0 | 112.86 | NOTE | |||
r-patched-linux-x86_64 | 0.4.0 | 18.10 | 74.58 | 92.68 | NOTE | |
r-release-linux-x86_64 | 0.4.0 | 17.74 | 70.10 | 87.84 | NOTE | |
r-release-macos-arm64 | 0.4.0 | NOTE | ||||
r-release-macos-x86_64 | 0.4.0 | NOTE | ||||
r-release-windows-x86_64 | 0.4.0 | 43.00 | 116.00 | 159.00 | NOTE | |
r-oldrel-macos-arm64 | 0.4.0 | NOTE | ||||
r-oldrel-macos-x86_64 | 0.4.0 | NOTE | ||||
r-oldrel-windows-ix86+x86_64 | 0.4.0 | 73.00 | 123.00 | 196.00 | NOTE |
Version: 0.4.0
Check: package dependencies
Result: NOTE
Package suggested but not available for checking: 'accdata'
Flavors: r-devel-linux-x86_64-debian-clang, r-devel-linux-x86_64-debian-gcc, r-devel-linux-x86_64-fedora-clang, r-devel-linux-x86_64-fedora-gcc, r-patched-linux-x86_64, r-release-linux-x86_64, r-release-macos-arm64, r-release-macos-x86_64, r-release-windows-x86_64, r-oldrel-macos-arm64, r-oldrel-macos-x86_64, r-oldrel-windows-ix86+x86_64