Last updated on 2022-04-24 03:52:28 CEST.
Flavor | Version | Tinstall | Tcheck | Ttotal | Status | Flags |
---|---|---|---|---|---|---|
r-devel-linux-x86_64-debian-clang | 1.0 | 6.87 | 35.44 | 42.31 | NOTE | |
r-devel-linux-x86_64-debian-gcc | 1.0 | 5.21 | 27.81 | 33.02 | NOTE | |
r-devel-linux-x86_64-fedora-clang | 1.0 | 50.50 | NOTE | |||
r-devel-linux-x86_64-fedora-gcc | 1.0 | 39.27 | NOTE | |||
r-patched-linux-x86_64 | 1.0 | 6.60 | 33.98 | 40.58 | NOTE | |
r-release-linux-x86_64 | 1.0 | 5.70 | 32.86 | 38.56 | NOTE | |
r-release-macos-arm64 | 1.0 | NOTE | ||||
r-release-macos-x86_64 | 1.0 | NOTE | ||||
r-release-windows-x86_64 | 1.0 | 57.00 | 49.00 | 106.00 | NOTE | |
r-oldrel-macos-arm64 | 1.0 | NOTE | ||||
r-oldrel-macos-x86_64 | 1.0 | NOTE | ||||
r-oldrel-windows-ix86+x86_64 | 1.0 | 11.00 | 29.00 | 40.00 | NOTE |
Version: 1.0
Check: LazyData
Result: NOTE
'LazyData' is specified without a 'data' directory
Flavors: r-devel-linux-x86_64-debian-clang, r-devel-linux-x86_64-debian-gcc, r-devel-linux-x86_64-fedora-clang, r-devel-linux-x86_64-fedora-gcc, r-patched-linux-x86_64, r-release-linux-x86_64, r-release-macos-arm64, r-release-macos-x86_64, r-release-windows-x86_64, r-oldrel-macos-arm64, r-oldrel-macos-x86_64, r-oldrel-windows-ix86+x86_64