Last updated on 2022-04-24 03:52:28 CEST.
Flavor | Version | Tinstall | Tcheck | Ttotal | Status | Flags |
---|---|---|---|---|---|---|
r-devel-linux-x86_64-debian-clang | 3.2 | 38.48 | 201.14 | 239.62 | OK | |
r-devel-linux-x86_64-debian-gcc | 3.2 | 30.67 | 144.53 | 175.20 | OK | |
r-devel-linux-x86_64-fedora-clang | 3.2 | 292.11 | OK | |||
r-devel-linux-x86_64-fedora-gcc | 3.2 | 277.64 | OK | |||
r-patched-linux-x86_64 | 3.2 | 31.12 | 196.31 | 227.43 | OK | |
r-release-linux-x86_64 | 3.2 | 26.91 | 188.73 | 215.64 | OK | |
r-release-macos-arm64 | 3.2 | OK | ||||
r-release-macos-x86_64 | 3.2 | OK | ||||
r-release-windows-x86_64 | 3.2 | 71.00 | 263.00 | 334.00 | OK | |
r-oldrel-macos-arm64 | 3.2 | OK | ||||
r-oldrel-macos-x86_64 | 3.2 | OK | ||||
r-oldrel-windows-ix86+x86_64 | 3.2 | 88.00 | 380.00 | 468.00 | NOTE |
Version: 3.2
Check: installed package size
Result: NOTE
installed size is 5.1Mb
sub-directories of 1Mb or more:
data 1.3Mb
doc 1.1Mb
libs 2.1Mb
Flavor: r-oldrel-windows-ix86+x86_64