Last updated on 2022-04-24 03:52:28 CEST.
Flavor | Version | Tinstall | Tcheck | Ttotal | Status | Flags |
---|---|---|---|---|---|---|
r-devel-linux-x86_64-debian-clang | 3.0.3 | 8.86 | 99.44 | 108.30 | NOTE | |
r-devel-linux-x86_64-debian-gcc | 3.0.3 | 7.30 | 72.27 | 79.57 | NOTE | |
r-devel-linux-x86_64-fedora-clang | 3.0.3 | 124.03 | NOTE | |||
r-devel-linux-x86_64-fedora-gcc | 3.0.3 | 111.80 | NOTE | |||
r-patched-linux-x86_64 | 3.0.3 | 5.40 | 92.11 | 97.51 | NOTE | |
r-release-linux-x86_64 | 3.0.3 | 7.26 | 85.59 | 92.85 | NOTE | |
r-release-macos-arm64 | 3.0.3 | NOTE | ||||
r-release-macos-x86_64 | 3.0.3 | NOTE | ||||
r-release-windows-x86_64 | 3.0.3 | 24.00 | 110.00 | 134.00 | NOTE | |
r-oldrel-macos-arm64 | 3.0.3 | NOTE | ||||
r-oldrel-macos-x86_64 | 3.0.3 | NOTE | ||||
r-oldrel-windows-ix86+x86_64 | 3.0.3 | 26.00 | 108.00 | 134.00 | NOTE |
Version: 3.0.3
Check: LazyData
Result: NOTE
'LazyData' is specified without a 'data' directory
Flavors: r-devel-linux-x86_64-debian-clang, r-devel-linux-x86_64-debian-gcc, r-devel-linux-x86_64-fedora-clang, r-devel-linux-x86_64-fedora-gcc, r-patched-linux-x86_64, r-release-linux-x86_64, r-release-macos-arm64, r-release-macos-x86_64, r-release-windows-x86_64, r-oldrel-macos-arm64, r-oldrel-macos-x86_64, r-oldrel-windows-ix86+x86_64