Last updated on 2022-04-24 03:52:28 CEST.
Flavor | Version | Tinstall | Tcheck | Ttotal | Status | Flags |
---|---|---|---|---|---|---|
r-devel-linux-x86_64-debian-clang | 3.1.1 | 14.47 | 283.05 | 297.52 | OK | |
r-devel-linux-x86_64-debian-gcc | 3.1.1 | 10.28 | 201.10 | 211.38 | OK | |
r-devel-linux-x86_64-fedora-clang | 3.1.1 | 332.83 | NOTE | |||
r-devel-linux-x86_64-fedora-gcc | 3.1.1 | 322.85 | OK | |||
r-patched-linux-x86_64 | 3.1.1 | 16.35 | 259.04 | 275.39 | OK | |
r-release-linux-x86_64 | 3.1.1 | 7.90 | 269.09 | 276.99 | OK | |
r-release-macos-arm64 | 3.1.1 | NOTE | ||||
r-release-macos-x86_64 | 3.1.1 | NOTE | ||||
r-release-windows-x86_64 | 3.1.1 | 273.00 | 349.00 | 622.00 | NOTE | |
r-oldrel-macos-arm64 | 3.1.1 | NOTE | ||||
r-oldrel-macos-x86_64 | 3.1.1 | NOTE | ||||
r-oldrel-windows-ix86+x86_64 | 3.1.1 | 27.00 | 375.00 | 402.00 | NOTE |
Version: 3.1.1
Check: installed package size
Result: NOTE
installed size is 10.2Mb
sub-directories of 1Mb or more:
doc 9.7Mb
Flavors: r-devel-linux-x86_64-fedora-clang, r-release-macos-arm64, r-release-macos-x86_64, r-release-windows-x86_64, r-oldrel-macos-arm64, r-oldrel-macos-x86_64, r-oldrel-windows-ix86+x86_64
Version: 3.1.1
Check: Rd cross-references
Result: NOTE
Undeclared package ‘DT’ in Rd xrefs
Flavor: r-devel-linux-x86_64-fedora-clang