Last updated on 2022-04-24 03:52:28 CEST.
Flavor | Version | Tinstall | Tcheck | Ttotal | Status | Flags |
---|---|---|---|---|---|---|
r-devel-linux-x86_64-debian-clang | 1.0.1 | 26.10 | 75.49 | 101.59 | OK | |
r-devel-linux-x86_64-debian-gcc | 1.0.1 | 20.32 | 55.38 | 75.70 | OK | |
r-devel-linux-x86_64-fedora-clang | 1.0.1 | 128.84 | NOTE | |||
r-devel-linux-x86_64-fedora-gcc | 1.0.1 | 111.96 | NOTE | |||
r-patched-linux-x86_64 | 1.0.1 | 26.21 | 70.09 | 96.30 | OK | |
r-release-linux-x86_64 | 1.0.1 | 23.81 | 68.27 | 92.08 | OK | |
r-release-macos-arm64 | 1.0.1 | NOTE | ||||
r-release-macos-x86_64 | 1.0.1 | NOTE | ||||
r-release-windows-x86_64 | 1.0.1 | 34.00 | 109.00 | 143.00 | OK | |
r-oldrel-macos-arm64 | 1.0.1 | NOTE | ||||
r-oldrel-macos-x86_64 | 1.0.1 | NOTE | ||||
r-oldrel-windows-ix86+x86_64 | 1.0.1 | 61.00 | 120.00 | 181.00 | OK |
Version: 1.0.1
Check: dependencies in R code
Result: NOTE
Namespace in Imports field not imported from: ‘testthat’
All declared Imports should be used.
Flavors: r-devel-linux-x86_64-fedora-clang, r-devel-linux-x86_64-fedora-gcc, r-release-macos-arm64, r-release-macos-x86_64, r-oldrel-macos-arm64, r-oldrel-macos-x86_64